{"id":3330,"date":"2023-12-04T11:03:33","date_gmt":"2023-12-04T10:03:33","guid":{"rendered":"https:\/\/frederiquerobidet.com\/?page_id=3330"},"modified":"2025-01-20T17:45:32","modified_gmt":"2025-01-20T16:45:32","slug":"contact","status":"publish","type":"page","link":"https:\/\/frederiquerobidet.com\/index.php\/contact\/","title":{"rendered":"Contact"},"content":{"rendered":"\t\t<div data-elementor-type=\"wp-page\" data-elementor-id=\"3330\" class=\"elementor elementor-3330\">\n\t\t\t\t\t\t<section class=\"elementor-section elementor-top-section elementor-element elementor-element-5daedb9 elementor-section-height-min-height elementor-section-items-top elementor-section-content-top elementor-section-boxed elementor-section-height-default wpr-particle-no wpr-jarallax-no wpr-parallax-no wpr-sticky-section-no\" data-id=\"5daedb9\" data-element_type=\"section\" data-settings=\"{&quot;background_background&quot;:&quot;classic&quot;,&quot;animation_mobile&quot;:&quot;none&quot;}\">\n\t\t\t\t\t\t\t<div class=\"elementor-background-overlay\"><\/div>\n\t\t\t\t\t\t\t<div class=\"elementor-container elementor-column-gap-no\">\n\t\t\t\t\t<div class=\"elementor-column elementor-col-100 elementor-top-column elementor-element elementor-element-ab242f3\" data-id=\"ab242f3\" data-element_type=\"column\" data-settings=\"{&quot;animation_mobile&quot;:&quot;none&quot;}\">\n\t\t\t<div class=\"elementor-widget-wrap elementor-element-populated\">\n\t\t\t\t\t\t<div class=\"elementor-element elementor-element-d11cfa6 elementor-widget__width-initial elementor-widget elementor-widget-heading\" data-id=\"d11cfa6\" data-element_type=\"widget\" data-widget_type=\"heading.default\">\n\t\t\t\t<div class=\"elementor-widget-container\">\n\t\t\t\t\t<h2 class=\"elementor-heading-title elementor-size-default\">Contact<\/h2>\t\t\t\t<\/div>\n\t\t\t\t<\/div>\n\t\t\t\t<div class=\"elementor-element elementor-element-ded2039 elementor-widget__width-initial elementor-widget elementor-widget-text-editor\" data-id=\"ded2039\" data-element_type=\"widget\" data-widget_type=\"text-editor.default\">\n\t\t\t\t<div class=\"elementor-widget-container\">\n\t\t\t\t\t\t\t\t\t<p>Vous pouvez me contacter via ce formulaire, ou directement <br \/>par t\u00e9l\u00e9phone au 07 81 21 38 26, pour toutes demandes d&rsquo;informations. <br \/>Je donnerais suite \u00e0 votre message dans les plus brefs\u00a0d\u00e9lais.<\/p>\t\t\t\t\t\t\t\t<\/div>\n\t\t\t\t<\/div>\n\t\t\t\t\t<\/div>\n\t\t<\/div>\n\t\t\t\t\t<\/div>\n\t\t<\/section>\n\t\t<div class=\"elementor-element elementor-element-6e5ed20 e-flex e-con-boxed wpr-particle-no wpr-jarallax-no wpr-parallax-no wpr-sticky-section-no e-con e-parent\" data-id=\"6e5ed20\" data-element_type=\"container\">\n\t\t\t\t\t<div class=\"e-con-inner\">\n\t\t\t\t<div class=\"elementor-element elementor-element-a80f3c7 elementor-widget elementor-widget-wp-widget-wpforms-widget\" data-id=\"a80f3c7\" data-element_type=\"widget\" data-widget_type=\"wp-widget-wpforms-widget.default\">\n\t\t\t\t<div class=\"elementor-widget-container\">\n\t\t\t\t\t<div class=\"wpforms-container wpforms-container-full wpforms-render-modern\" id=\"wpforms-3344\"><form id=\"wpforms-form-3344\" class=\"wpforms-validate wpforms-form wpforms-ajax-form\" data-formid=\"3344\" method=\"post\" enctype=\"multipart\/form-data\" action=\"\/index.php\/wp-json\/wp\/v2\/pages\/3330\" data-token=\"7901c80583f51e351499ea264784cc63\" data-token-time=\"1778156432\"><noscript class=\"wpforms-error-noscript\">Please enable JavaScript in your browser to complete this form.<\/noscript><div id=\"wpforms-error-noscript\" style=\"display: none;\">Please enable JavaScript in your browser to complete this form.<\/div><div class=\"wpforms-field-container\"><div id=\"wpforms-3344-field_0-container\" class=\"wpforms-field wpforms-field-name\" data-field-id=\"0\"><label class=\"wpforms-field-label\" for=\"wpforms-3344-field_0\">Pr\u00e9nom\/Nom <span class=\"wpforms-required-label\" aria-hidden=\"true\">*<\/span><\/label><input type=\"text\" id=\"wpforms-3344-field_0\" class=\"wpforms-field-medium wpforms-field-required\" name=\"wpforms[fields][0]\" aria-errormessage=\"wpforms-3344-field_0-error\" required><\/div><div id=\"wpforms-3344-field_4-container\" class=\"wpforms-field wpforms-field-text\" data-field-id=\"4\"><label class=\"wpforms-field-label\" for=\"wpforms-3344-field_4\">T\u00e9l\u00e9phone <span class=\"wpforms-required-label\" aria-hidden=\"true\">*<\/span><\/label><input type=\"text\" id=\"wpforms-3344-field_4\" class=\"wpforms-field-medium wpforms-field-required\" name=\"wpforms[fields][4]\" aria-errormessage=\"wpforms-3344-field_4-error\" required><\/div><div id=\"wpforms-3344-field_1-container\" class=\"wpforms-field wpforms-field-email\" data-field-id=\"1\"><label class=\"wpforms-field-label\" for=\"wpforms-3344-field_1\">Email <span class=\"wpforms-required-label\" aria-hidden=\"true\">*<\/span><\/label><input type=\"email\" id=\"wpforms-3344-field_1\" class=\"wpforms-field-medium wpforms-field-required\" name=\"wpforms[fields][1]\" spellcheck=\"false\" aria-errormessage=\"wpforms-3344-field_1-error\" required><\/div><div id=\"wpforms-3344-field_6-container\" class=\"wpforms-field wpforms-field-text\" data-field-id=\"6\"><label class=\"wpforms-field-label\" for=\"wpforms-3344-field_6\">Sujet <span class=\"wpforms-required-label\" aria-hidden=\"true\">*<\/span><\/label><input type=\"text\" id=\"wpforms-3344-field_6\" class=\"wpforms-field-medium wpforms-field-required\" name=\"wpforms[fields][6]\" aria-errormessage=\"wpforms-3344-field_6-error\" required><\/div><div id=\"wpforms-3344-field_2-container\" class=\"wpforms-field wpforms-field-textarea\" data-field-id=\"2\"><label class=\"wpforms-field-label\" for=\"wpforms-3344-field_2\">Message <span class=\"wpforms-required-label\" aria-hidden=\"true\">*<\/span><\/label><textarea id=\"wpforms-3344-field_2\" class=\"wpforms-field-medium wpforms-field-required\" name=\"wpforms[fields][2]\" aria-errormessage=\"wpforms-3344-field_2-error\" aria-describedby=\"wpforms-3344-field_2-description\" required><\/textarea><div id=\"wpforms-3344-field_2-description\" class=\"wpforms-field-description\">Pour une r\u00e9ponse adapt\u00e9e, merci de pr\u00e9ciser tous les d\u00e9tails qui me permettront de mieux appr\u00e9hender vos besoins (surface totale du bien, surface \u00e0 \u00e9tudier, description du projet, budget, ou tout \u00e9l\u00e9ment qui vous semble important)<\/div><\/div><\/div><!-- .wpforms-field-container --><div class=\"wpforms-submit-container\" ><input type=\"hidden\" name=\"wpforms[id]\" value=\"3344\"><input type=\"hidden\" name=\"page_title\" value=\"\"><input type=\"hidden\" name=\"page_url\" value=\"https:\/\/frederiquerobidet.com\/index.php\/wp-json\/wp\/v2\/pages\/3330\"><input type=\"hidden\" name=\"url_referer\" value=\"\"><button type=\"submit\" name=\"wpforms[submit]\" id=\"wpforms-submit-3344\" class=\"wpforms-submit\" data-alt-text=\"En cours...\" data-submit-text=\"Envoyer\" aria-live=\"assertive\" value=\"wpforms-submit\">Envoyer<\/button><img decoding=\"async\" src=\"https:\/\/frederiquerobidet.com\/wp-content\/plugins\/wpforms-lite\/assets\/images\/submit-spin.svg\" class=\"wpforms-submit-spinner\" style=\"display: none;\" width=\"26\" height=\"26\" alt=\"Loading\"><\/div><\/form><\/div>  <!-- .wpforms-container -->\t\t\t\t<\/div>\n\t\t\t\t<\/div>\n\t\t\t\t\t<\/div>\n\t\t\t\t<\/div>\n\t\t\t\t<section class=\"elementor-section elementor-top-section elementor-element elementor-element-f2115aa elementor-section-boxed elementor-section-height-default elementor-section-height-default wpr-particle-no wpr-jarallax-no wpr-parallax-no wpr-sticky-section-no\" data-id=\"f2115aa\" data-element_type=\"section\">\n\t\t\t\t\t\t<div class=\"elementor-container elementor-column-gap-default\">\n\t\t\t\t\t<div class=\"elementor-column elementor-col-100 elementor-top-column elementor-element elementor-element-d74cd43\" data-id=\"d74cd43\" data-element_type=\"column\">\n\t\t\t<div class=\"elementor-widget-wrap elementor-element-populated\">\n\t\t\t\t\t\t<div class=\"elementor-element elementor-element-d2e868e elementor-widget elementor-widget-text-editor\" data-id=\"d2e868e\" data-element_type=\"widget\" data-widget_type=\"text-editor.default\">\n\t\t\t\t<div class=\"elementor-widget-container\">\n\t\t\t\t\t\t\t\t\t<p><span style=\"font-size: 8pt;\"><em><strong>Information sur le formulaire de collecte de donn\u00e9es du site frederiquerobidet.com<\/strong><\/em><\/span><\/p><p style=\"text-align: left;\"><em><span style=\"font-size: 8pt;\">Les informations port\u00e9es sur ce formulaire sont obligatoires &#8211; Elles font l\u2019objet d\u2019un traitement informatis\u00e9 destin\u00e9 \u00e0 vous contacter. La destinataire des donn\u00e9es est l&rsquo;architecte d&rsquo;int\u00e9rieur Fr\u00e9d\u00e9rique Robidet. Depuis la loi \u00ab\u00a0informatique et libert\u00e9s\u00a0\u00bb du 6 janvier 1978 modifi\u00e9e, vous b\u00e9n\u00e9ficiez d\u2019un droit d\u2019acc\u00e8s et de rectification aux informations qui vous concernent. Si vous souhaitez exercer ce droit et obtenir communication des informations vous concernant, veuillez vous adresser \u00e0 Madame Fr\u00e9d\u00e9rique Robidet au num\u00e9ro de t\u00e9l\u00e9phone ou mail indiqu\u00e9s en bas des pages.<\/span><\/em><\/p>\t\t\t\t\t\t\t\t<\/div>\n\t\t\t\t<\/div>\n\t\t\t\t\t<\/div>\n\t\t<\/div>\n\t\t\t\t\t<\/div>\n\t\t<\/section>\n\t\t\t\t<\/div>\n\t\t","protected":false},"excerpt":{"rendered":"<p>Contact Vous pouvez me contacter via ce formulaire, ou directement par t\u00e9l\u00e9phone au 07 81 21 38 26, pour toutes demandes d&rsquo;informations. Je donnerais suite \u00e0 votre message dans les plus brefs\u00a0d\u00e9lais. Information sur le formulaire de collecte de donn\u00e9es du site frederiquerobidet.com Les informations port\u00e9es sur ce formulaire sont obligatoires &#8211; Elles font l\u2019objet d\u2019un traitement informatis\u00e9 destin\u00e9 \u00e0 vous contacter. La destinataire des donn\u00e9es est l&rsquo;architecte d&rsquo;int\u00e9rieur Fr\u00e9d\u00e9rique Robidet. Depuis la loi \u00ab\u00a0informatique et libert\u00e9s\u00a0\u00bb du 6 janvier 1978 modifi\u00e9e, vous b\u00e9n\u00e9ficiez d\u2019un droit d\u2019acc\u00e8s et de rectification aux informations qui vous concernent. Si vous souhaitez exercer ce droit et obtenir communication des informations vous concernant, veuillez vous adresser \u00e0 Madame Fr\u00e9d\u00e9rique Robidet au num\u00e9ro de t\u00e9l\u00e9phone ou mail indiqu\u00e9s en bas des pages.<\/p>\n","protected":false},"author":1,"featured_media":0,"parent":0,"menu_order":0,"comment_status":"closed","ping_status":"closed","template":"","meta":{"ocean_post_layout":"","ocean_both_sidebars_style":"","ocean_both_sidebars_content_width":0,"ocean_both_sidebars_sidebars_width":0,"ocean_sidebar":"0","ocean_second_sidebar":"0","ocean_disable_margins":"enable","ocean_add_body_class":"","ocean_shortcode_before_top_bar":"","ocean_shortcode_after_top_bar":"","ocean_shortcode_before_header":"","ocean_shortcode_after_header":"","ocean_has_shortcode":"","ocean_shortcode_after_title":"","ocean_shortcode_before_footer_widgets":"","ocean_shortcode_after_footer_widgets":"","ocean_shortcode_before_footer_bottom":"","ocean_shortcode_after_footer_bottom":"","ocean_display_top_bar":"default","ocean_display_header":"default","ocean_header_style":"","ocean_center_header_left_menu":"0","ocean_custom_header_template":"0","ocean_custom_logo":0,"ocean_custom_retina_logo":0,"ocean_custom_logo_max_width":0,"ocean_custom_logo_tablet_max_width":0,"ocean_custom_logo_mobile_max_width":0,"ocean_custom_logo_max_height":0,"ocean_custom_logo_tablet_max_height":0,"ocean_custom_logo_mobile_max_height":0,"ocean_header_custom_menu":"0","ocean_menu_typo_font_family":"0","ocean_menu_typo_font_subset":"","ocean_menu_typo_font_size":0,"ocean_menu_typo_font_size_tablet":0,"ocean_menu_typo_font_size_mobile":0,"ocean_menu_typo_font_size_unit":"px","ocean_menu_typo_font_weight":"","ocean_menu_typo_font_weight_tablet":"","ocean_menu_typo_font_weight_mobile":"","ocean_menu_typo_transform":"","ocean_menu_typo_transform_tablet":"","ocean_menu_typo_transform_mobile":"","ocean_menu_typo_line_height":0,"ocean_menu_typo_line_height_tablet":0,"ocean_menu_typo_line_height_mobile":0,"ocean_menu_typo_line_height_unit":"","ocean_menu_typo_spacing":0,"ocean_menu_typo_spacing_tablet":0,"ocean_menu_typo_spacing_mobile":0,"ocean_menu_typo_spacing_unit":"","ocean_menu_link_color":"","ocean_menu_link_color_hover":"","ocean_menu_link_color_active":"","ocean_menu_link_background":"","ocean_menu_link_hover_background":"","ocean_menu_link_active_background":"","ocean_menu_social_links_bg":"","ocean_menu_social_hover_links_bg":"","ocean_menu_social_links_color":"","ocean_menu_social_hover_links_color":"","ocean_disable_title":"on","ocean_disable_heading":"default","ocean_post_title":"","ocean_post_subheading":"","ocean_post_title_style":"","ocean_post_title_background_color":"","ocean_post_title_background":0,"ocean_post_title_bg_image_position":"","ocean_post_title_bg_image_attachment":"","ocean_post_title_bg_image_repeat":"","ocean_post_title_bg_image_size":"","ocean_post_title_height":0,"ocean_post_title_bg_overlay":0.5,"ocean_post_title_bg_overlay_color":"","ocean_disable_breadcrumbs":"default","ocean_breadcrumbs_color":"","ocean_breadcrumbs_separator_color":"","ocean_breadcrumbs_links_color":"","ocean_breadcrumbs_links_hover_color":"","ocean_display_footer_widgets":"default","ocean_display_footer_bottom":"default","ocean_custom_footer_template":"0","two_page_speed":[],"footnotes":""},"class_list":["post-3330","page","type-page","status-publish","hentry","entry"],"yoast_head":"<!-- This site is optimized with the Yoast SEO plugin v26.7 - https:\/\/yoast.com\/wordpress\/plugins\/seo\/ -->\n<title>Contact - frederiquerobidet.com<\/title>\n<meta name=\"robots\" content=\"index, follow, max-snippet:-1, max-image-preview:large, max-video-preview:-1\" \/>\n<link rel=\"canonical\" href=\"https:\/\/frederiquerobidet.com\/index.php\/contact\/\" \/>\n<meta property=\"og:locale\" content=\"fr_CA\" \/>\n<meta property=\"og:type\" content=\"article\" \/>\n<meta property=\"og:title\" content=\"Contact - frederiquerobidet.com\" \/>\n<meta property=\"og:description\" content=\"Contact Vous pouvez me contacter via ce formulaire, ou directement par t\u00e9l\u00e9phone au 07 81 21 38 26, pour toutes demandes d&rsquo;informations. Je donnerais suite \u00e0 votre message dans les plus brefs\u00a0d\u00e9lais. Information sur le formulaire de collecte de donn\u00e9es du site frederiquerobidet.com Les informations port\u00e9es sur ce formulaire sont obligatoires &#8211; Elles font l\u2019objet d\u2019un traitement informatis\u00e9 destin\u00e9 \u00e0 vous contacter. La destinataire des donn\u00e9es est l&rsquo;architecte d&rsquo;int\u00e9rieur Fr\u00e9d\u00e9rique Robidet. Depuis la loi \u00ab\u00a0informatique et libert\u00e9s\u00a0\u00bb du 6 janvier 1978 modifi\u00e9e, vous b\u00e9n\u00e9ficiez d\u2019un droit d\u2019acc\u00e8s et de rectification aux informations qui vous concernent. Si vous souhaitez exercer ce droit et obtenir communication des informations vous concernant, veuillez vous adresser \u00e0 Madame Fr\u00e9d\u00e9rique Robidet au num\u00e9ro de t\u00e9l\u00e9phone ou mail indiqu\u00e9s en bas des pages.\" \/>\n<meta property=\"og:url\" content=\"https:\/\/frederiquerobidet.com\/index.php\/contact\/\" \/>\n<meta property=\"og:site_name\" content=\"frederiquerobidet.com\" \/>\n<meta property=\"article:modified_time\" content=\"2025-01-20T16:45:32+00:00\" \/>\n<meta name=\"twitter:card\" content=\"summary_large_image\" \/>\n<meta name=\"twitter:label1\" content=\"Estimation du temps de lecture\" \/>\n\t<meta name=\"twitter:data1\" content=\"1 minute\" \/>\n<script type=\"application\/ld+json\" class=\"yoast-schema-graph\">{\"@context\":\"https:\/\/schema.org\",\"@graph\":[{\"@type\":\"WebPage\",\"@id\":\"https:\/\/frederiquerobidet.com\/index.php\/contact\/\",\"url\":\"https:\/\/frederiquerobidet.com\/index.php\/contact\/\",\"name\":\"Contact - frederiquerobidet.com\",\"isPartOf\":{\"@id\":\"https:\/\/frederiquerobidet.com\/#website\"},\"datePublished\":\"2023-12-04T10:03:33+00:00\",\"dateModified\":\"2025-01-20T16:45:32+00:00\",\"breadcrumb\":{\"@id\":\"https:\/\/frederiquerobidet.com\/index.php\/contact\/#breadcrumb\"},\"inLanguage\":\"fr-CA\",\"potentialAction\":[{\"@type\":\"ReadAction\",\"target\":[\"https:\/\/frederiquerobidet.com\/index.php\/contact\/\"]}]},{\"@type\":\"BreadcrumbList\",\"@id\":\"https:\/\/frederiquerobidet.com\/index.php\/contact\/#breadcrumb\",\"itemListElement\":[{\"@type\":\"ListItem\",\"position\":1,\"name\":\"Accueil\",\"item\":\"https:\/\/frederiquerobidet.com\/\"},{\"@type\":\"ListItem\",\"position\":2,\"name\":\"Contact\"}]},{\"@type\":\"WebSite\",\"@id\":\"https:\/\/frederiquerobidet.com\/#website\",\"url\":\"https:\/\/frederiquerobidet.com\/\",\"name\":\"frederiquerobidet.com\",\"description\":\"\",\"publisher\":{\"@id\":\"https:\/\/frederiquerobidet.com\/#organization\"},\"potentialAction\":[{\"@type\":\"SearchAction\",\"target\":{\"@type\":\"EntryPoint\",\"urlTemplate\":\"https:\/\/frederiquerobidet.com\/?s={search_term_string}\"},\"query-input\":{\"@type\":\"PropertyValueSpecification\",\"valueRequired\":true,\"valueName\":\"search_term_string\"}}],\"inLanguage\":\"fr-CA\"},{\"@type\":\"Organization\",\"@id\":\"https:\/\/frederiquerobidet.com\/#organization\",\"name\":\"Fr\u00e9d\u00e9rique Robidet Architecture d'Int\u00e9rieur\",\"url\":\"https:\/\/frederiquerobidet.com\/\",\"logo\":{\"@type\":\"ImageObject\",\"inLanguage\":\"fr-CA\",\"@id\":\"https:\/\/frederiquerobidet.com\/#\/schema\/logo\/image\/\",\"url\":\"https:\/\/frederiquerobidet.com\/wp-content\/uploads\/2023\/06\/Logo_FR_fond-noir-14-1.png\",\"contentUrl\":\"https:\/\/frederiquerobidet.com\/wp-content\/uploads\/2023\/06\/Logo_FR_fond-noir-14-1.png\",\"width\":556,\"height\":119,\"caption\":\"Fr\u00e9d\u00e9rique Robidet Architecture d'Int\u00e9rieur\"},\"image\":{\"@id\":\"https:\/\/frederiquerobidet.com\/#\/schema\/logo\/image\/\"}}]}<\/script>\n<!-- \/ Yoast SEO plugin. -->","yoast_head_json":{"title":"Contact - frederiquerobidet.com","robots":{"index":"index","follow":"follow","max-snippet":"max-snippet:-1","max-image-preview":"max-image-preview:large","max-video-preview":"max-video-preview:-1"},"canonical":"https:\/\/frederiquerobidet.com\/index.php\/contact\/","og_locale":"fr_CA","og_type":"article","og_title":"Contact - frederiquerobidet.com","og_description":"Contact Vous pouvez me contacter via ce formulaire, ou directement par t\u00e9l\u00e9phone au 07 81 21 38 26, pour toutes demandes d&rsquo;informations. Je donnerais suite \u00e0 votre message dans les plus brefs\u00a0d\u00e9lais. Information sur le formulaire de collecte de donn\u00e9es du site frederiquerobidet.com Les informations port\u00e9es sur ce formulaire sont obligatoires &#8211; Elles font l\u2019objet d\u2019un traitement informatis\u00e9 destin\u00e9 \u00e0 vous contacter. La destinataire des donn\u00e9es est l&rsquo;architecte d&rsquo;int\u00e9rieur Fr\u00e9d\u00e9rique Robidet. Depuis la loi \u00ab\u00a0informatique et libert\u00e9s\u00a0\u00bb du 6 janvier 1978 modifi\u00e9e, vous b\u00e9n\u00e9ficiez d\u2019un droit d\u2019acc\u00e8s et de rectification aux informations qui vous concernent. Si vous souhaitez exercer ce droit et obtenir communication des informations vous concernant, veuillez vous adresser \u00e0 Madame Fr\u00e9d\u00e9rique Robidet au num\u00e9ro de t\u00e9l\u00e9phone ou mail indiqu\u00e9s en bas des pages.","og_url":"https:\/\/frederiquerobidet.com\/index.php\/contact\/","og_site_name":"frederiquerobidet.com","article_modified_time":"2025-01-20T16:45:32+00:00","twitter_card":"summary_large_image","twitter_misc":{"Estimation du temps de lecture":"1 minute"},"schema":{"@context":"https:\/\/schema.org","@graph":[{"@type":"WebPage","@id":"https:\/\/frederiquerobidet.com\/index.php\/contact\/","url":"https:\/\/frederiquerobidet.com\/index.php\/contact\/","name":"Contact - frederiquerobidet.com","isPartOf":{"@id":"https:\/\/frederiquerobidet.com\/#website"},"datePublished":"2023-12-04T10:03:33+00:00","dateModified":"2025-01-20T16:45:32+00:00","breadcrumb":{"@id":"https:\/\/frederiquerobidet.com\/index.php\/contact\/#breadcrumb"},"inLanguage":"fr-CA","potentialAction":[{"@type":"ReadAction","target":["https:\/\/frederiquerobidet.com\/index.php\/contact\/"]}]},{"@type":"BreadcrumbList","@id":"https:\/\/frederiquerobidet.com\/index.php\/contact\/#breadcrumb","itemListElement":[{"@type":"ListItem","position":1,"name":"Accueil","item":"https:\/\/frederiquerobidet.com\/"},{"@type":"ListItem","position":2,"name":"Contact"}]},{"@type":"WebSite","@id":"https:\/\/frederiquerobidet.com\/#website","url":"https:\/\/frederiquerobidet.com\/","name":"frederiquerobidet.com","description":"","publisher":{"@id":"https:\/\/frederiquerobidet.com\/#organization"},"potentialAction":[{"@type":"SearchAction","target":{"@type":"EntryPoint","urlTemplate":"https:\/\/frederiquerobidet.com\/?s={search_term_string}"},"query-input":{"@type":"PropertyValueSpecification","valueRequired":true,"valueName":"search_term_string"}}],"inLanguage":"fr-CA"},{"@type":"Organization","@id":"https:\/\/frederiquerobidet.com\/#organization","name":"Fr\u00e9d\u00e9rique Robidet Architecture d'Int\u00e9rieur","url":"https:\/\/frederiquerobidet.com\/","logo":{"@type":"ImageObject","inLanguage":"fr-CA","@id":"https:\/\/frederiquerobidet.com\/#\/schema\/logo\/image\/","url":"https:\/\/frederiquerobidet.com\/wp-content\/uploads\/2023\/06\/Logo_FR_fond-noir-14-1.png","contentUrl":"https:\/\/frederiquerobidet.com\/wp-content\/uploads\/2023\/06\/Logo_FR_fond-noir-14-1.png","width":556,"height":119,"caption":"Fr\u00e9d\u00e9rique Robidet Architecture d'Int\u00e9rieur"},"image":{"@id":"https:\/\/frederiquerobidet.com\/#\/schema\/logo\/image\/"}}]}},"_links":{"self":[{"href":"https:\/\/frederiquerobidet.com\/index.php\/wp-json\/wp\/v2\/pages\/3330","targetHints":{"allow":["GET"]}}],"collection":[{"href":"https:\/\/frederiquerobidet.com\/index.php\/wp-json\/wp\/v2\/pages"}],"about":[{"href":"https:\/\/frederiquerobidet.com\/index.php\/wp-json\/wp\/v2\/types\/page"}],"author":[{"embeddable":true,"href":"https:\/\/frederiquerobidet.com\/index.php\/wp-json\/wp\/v2\/users\/1"}],"replies":[{"embeddable":true,"href":"https:\/\/frederiquerobidet.com\/index.php\/wp-json\/wp\/v2\/comments?post=3330"}],"version-history":[{"count":158,"href":"https:\/\/frederiquerobidet.com\/index.php\/wp-json\/wp\/v2\/pages\/3330\/revisions"}],"predecessor-version":[{"id":6592,"href":"https:\/\/frederiquerobidet.com\/index.php\/wp-json\/wp\/v2\/pages\/3330\/revisions\/6592"}],"wp:attachment":[{"href":"https:\/\/frederiquerobidet.com\/index.php\/wp-json\/wp\/v2\/media?parent=3330"}],"curies":[{"name":"wp","href":"https:\/\/api.w.org\/{rel}","templated":true}]}}